 160 = -3*w - 0*o. What are the prime factors of w?
3, 5
Let b = 247 - 164. What are the prime factors of b?
83
Let g = 32 - -6. List the prime factors of g.
2, 19
Let u(p) be the second derivative of p**3/6 + 7*p**2/2 + 3*p. What are the prime factors of u(-3)?
2
Let f = 6 + 3. Suppose f = -2*h + 3*h. What are the prime factors of h?
3
Let u = -1 - -3. Suppose t + u = 3, 14 = 2*m + 4*t. Suppose -l - 2*g + 5 - 2 = 0, 15 = 2*l - m*g. What are the prime factors of l?
5
What are the prime factors of 33/12 - (-2)/8?
3
Suppose 3*g + 3 = 66. Let l = g + -6. What are the prime factors of l?
3, 5
Suppose 1 = -p - 4. Let g be ((-12)/15)/(1/p). Suppose q + b - 3 = -q, g = -4*b. What are the prime factors of q?
2
Let d be (-2)/(-4) - 11/2. Let h be ((-3)/(-2))/((-1)/(-4)). List the prime factors of 56/h + d/15.
3
Let w(g) = 6*g + 7. What are the prime factors of w(7)?
7
Suppose 3*t - 4 - 2 = 0. Let m be (-6)/(-7)*(t + -9). Let h = 8 + m. List the prime factors of h.
2
Let q = 104 - 74. Let x = -7 + q. What are the prime factors of x?
23
Let m be (-16)/4*(-1)/1. Suppose m*s + 4*g = 24, -2*s + 4 = -g - g. What are the prime factors of s?
2
Let d = 30 - 21. Let q = 10 + d. What are the prime factors of q?
19
Suppose 3*n - 3 = 0, 4*k - 16 - 45 = -n. What are the prime factors of -87*(-2 + k/9)?
29
Let p(s) = 18*s**3 + 2*s**2 - 5*s + 5. List the prime factors of p(2).
3, 7
Let s = -106 + 153. What are the prime factors of s?
47
Suppose 2*n = 8, -4*n + 69 = 3*r - 37. What are the prime factors of 20/r*(-1 - -31)?
2, 5
List the prime factors of (8 - 10)*(-122)/4.
61
Let h(k) = k**3 - 6*k**2 + 8*k - 7. Suppose 0 = -4*u + 1 + 19. What are the prime factors of h(u)?
2
Let b(l) = l**3 - 13*l**2 + 11*l + 13. Let u be b(12). Suppose s = 4*v - v - 20, -3*v = -2*s - 22. List the prime factors of 24*(v/4 - u).
2, 3
Let i be -1*(-1*2 + -4). Suppose 4*x - 14 + i = 0. What are the prime factors of x?
2
Let b = -2 - 1. List the prime factors of 10 + b/(3/(-2)).
2, 3
Let k(h) = 31*h**2 + 2*h + 1. Let p(f) = f - 4. Let m be p(3). What are the prime factors of k(m)?
2, 3, 5
Let b(w) = -w + 2. Let x be b(3). List the prime factors of 7 - (2 + x - -1).
5
Suppose -2*y = 4*f - f + 17, 25 = -5*f. Let b be y/(0 - 0 - 1). Suppose 21 - 4 = 2*u - i, -u = -2*i - b. What are the prime factors of u?
11
Let o = 4 - -25. List the prime factors of o.
29
Suppose 7*u + 275 = 8*u. What are the prime factors of u?
5, 11
Let m(f) = f + 10. Let x be 1/(-2)*0/(-3). What are the prime factors of m(x)?
2, 5
Let v(f) = 2*f**2 - 3*f + 3. Let a be 0 - (-2 - 0 - 1). What are the prime factors of v(a)?
2, 3
Suppose 3*i - k = 277, -2*k - 45 = -2*i + 133. List the prime factors of i.
2, 47
Suppose 2*k - 70 = 2*z, k = -3*z + 6 + 41. List the prime factors of k.
2, 19
Suppose 0 = d + 1 - 10. Suppose 3*n + d = 4*y, -y - 4*y = 3*n - 45. Suppose y*r = -w + 3*r + 7, -4*r = 12. What are the prime factors of w?
2
Let l(y) = 28*y**2 - 3*y - 19. What are the prime factors of l(-4)?
3, 7
Let m = -24 + 103. What are the prime factors of m?
79
Let f(c) = -5*c - 16. What are the prime factors of f(-10)?
2, 17
Let r(c) = -c**3 - 6*c**2 + 6*c + 2. Let x be r(-7). Suppose -l + p = -12, -l + 2 = -2*p - x. List the prime factors of l.
13
Suppose 2*c - 4*q = 8 + 30, -2*c + 2*q + 44 = 0. What are the prime factors of c?
5
Let n(a) = a**2 - 2*a + 2. Let v be n(2). Suppose 6 = 3*d, -6*o + 28 = -v*o + 4*d. List the prime factors of o.
5
Let j = 4 - 1. Let r(l) = l**2 - 3*l + 4. Let c be r(j). Suppose -c*m + 2*o + 38 = 0, 2*o - 1 = 1. What are the prime factors of m?
2, 5
Suppose 5*t = -38 + 133. List the prime factors of t.
19
Let k(r) = 2*r**3 - 4*r**2 + 7*r - 10. List the prime factors of k(4).
2, 41
Suppose 2*i + 9 = 1. Let s(q) = q - 2. Let c(h) = 5*h - 8. Let w(m) = -2*c(m) + 9*s(m). List the prime factors of w(i).
2
Let z be 164/((-6)/4 + 2). Suppose 0 = 2*i + 5*g - 31, 0*i + g - 35 = -2*i. List the prime factors of 6/(-27) + z/i.
2, 3
Suppose 0 = -2*v + 3*q - 2, 3*v + 14 = -5*q - 8. Let r = v - -7. Suppose 0 = -4*u - o + 15, -2 = 2*u + 3*o + r. What are the prime factors of u?
5
Let p be (-12)/(-8) + 2/4. Suppose -6*d + p*d = -72. List the prime factors of d.
2, 3
Let n = 47 - -3. Suppose -3*l + n = 11. List the prime factors of l.
13
Let i(b) be the second derivative of b**3/6 - 2*b**2 - b. Suppose 4*r = 3*h - 15, -3*r + 8*r + 3 = 2*h. List the prime factors of i(h).
5
Suppose v - 57 = -15. Suppose -109 = -4*d - i, -5*d = -2*i - v - 78. List the prime factors of d.
2, 13
Let b(y) = 3*y - 15. Let n be b(12). Let g = 38 - n. List the prime factors of g.
17
What are the prime factors of 3/(-9) - 76/(-3)?
5
Suppose -3*a + 24 = -0*a. Suppose -5*p = -a*p. Let j = 6 + p. List the prime factors of j.
2, 3
Let p(r) = 90*r**2 - r - 1. Let v be p(-1). Let m = v + -59. List the prime factors of m.
31
Suppose -4*y + 11 = -k + 4*k, -5*y - 3*k = -13. Suppose 2*s - y*j + 4 = 0, 2*s + 6 = 3*j - 2. What are the prime factors of 3/(s/(-4) + 1)?
2, 3
Let v be -1 - 0 - 6*-5. Let k = v - 21. List the prime factors of k.
2
Suppose 2*y - 4*b = -0*y + 38, 2*y - 5*b = 35. What are the prime factors of y?
5
Let y = -5 - -7. List the prime factors of -2 + -4*(1 - y).
2
Let g = 22 - 48. List the prime factors of (g/(-6))/((-9)/(-27)).
13
Let a(k) = k**2 + 7*k + 18. What are the prime factors of a(-15)?
2, 3, 23
Suppose -5*u + 111 = 2*x, -u - 5*x = 2*u - 78. What are the prime factors of u?
3, 7
Suppose 0 = 3*a - 3*o + 7*o - 371, -496 = -4*a - 5*o. What are the prime factors of a?
3, 43
Suppose 4*r = l - 34, 4*l - 3*l = -2*r + 10. Suppose y = -y + 10, -3*z - 3*y + l = 0. What are the prime factors of z/((-1)/(-5)*1)?
5
Let o(h) be the first derivative of 12*h**2 - 5*h - 8. What are the prime factors of o(2)?
43
Let m(o) = 38*o - 10. List the prime factors of m(8).
2, 3, 7
Let a = 6 - 7. Let v be ((-16)/8)/(1/a). Suppose -2*c + 11 = 5*u, 2*u - 7 = -v*c + 7. List the prime factors of c.
2
Let w(r) = r**2 + 4*r + 3. Let z be w(-5). Let p = 83 - z. List the prime factors of (p/10)/((-1)/(-2)).
3, 5
Let q(o) = -o**3 - o**2 + 1. List the prime factors of q(-2).
5
Let v(r) be the first derivative of r**3/3 + 5*r**2/2 + 2*r - 3. List the prime factors of v(-6).
2
Let y = -68 - -175. What are the prime factors of y?
107
Suppose -48 = -v - w + 3*w, -47 = -v + w. Let o be 2 + v + -3 + 3. Suppose n + o = 5*n. What are the prime factors of n?
2, 3
Let m(t) = 87*t**2 + 9*t + 8. List the prime factors of m(-1).
2, 43
Suppose 6*y - 8 = 4*y. What are the prime factors of y?
2
Suppose 3*x + 3*s + 15 = 0, -4*x - 7 = 2*s + 9. Let n be (4 + x)*(0 - 4). Let a = n - -15. List the prime factors of a.
11
Let f(m) = -m**2 + 10*m + 8. Let w be f(11). Let i = w - 0. What are the prime factors of (-34)/i - (-2)/3?
2, 3
Suppose 0 = -v + y + 115, 2*v = 3*y - 2*y + 232. What are the prime factors of v?
3, 13
Let f be (-1)/((-2)/(1*4)). Let l(w) = w**2 + 3*w + 20. Let d be l(-6). Suppose 0 = -f*z - 4*r + d, 5*z + 3*r = -0*r + 88. List the prime factors of z.
17
Let u(z) = 27*z**3. Let y be u(1). Suppose -3*v + 24 = -m + 9, 0 = -4*m + v - y. Let p = m - -13. List the prime factors of p.
7
Let n = -5 - -8. Suppose 6*g = n*g + 21. Suppose -4*t + g*t - 33 = 0. List the prime factors of t.
11
Let p be 8*(0 - 1) - 2. Let m(l) = l**2 + 4*l - 3. Let s be m(3). Let b = p + s. List the prime factors of b.
2
Let k(b) = -b**3 + 3*b**2 - 2*b - 4. Let c be k(3). Let r be (-2 - -4)*5/c. What are the prime factors of (-1)/(r - -2) - -17?
2
Suppose i + 3 = 9. Let m(q) = -q + 8. Let a be m(i). Suppose 3*p = 2*d - 2*p - 15, -18 = -2*d + a*p. What are the prime factors of d?
2, 5
Let b(t) = -t**2 + t. Let s be b(2). Let x(g) = -5*g - 3. What are the prime factors of x(s)?
7
Let r be (-2)/5 + (-12)/(-5). Suppose -2*m - 2*z + 0 - r = 0, -m + 4 = -4*z. Suppose m = -2*o - 1 + 15. What are the prime factors of o?
7
Let x(p) = -2*p**2 + 2*p - 8. Let s(g) = -g**2. Let k(t) = -3*s(t) + x(t). What are the prime factors of k(-7)?
3
Let z = 1 - 1. Suppose z = 2*a + 3*v - 19, -4*v + 2*v + 20 = 5*a. Suppose -2*b = a*b - 40. What are the prime factors of b?
2, 5
Suppose 88 = 5*j - 152. What are the prime factors of j?
2, 3
Let b = 36 - 54. Let u be (-33)/(-27) - (-4)/b. Let q = u - -8. List the prime factors of q